 (-182)/(-1) + 2. Suppose -5*i - 4*t + p = 0, 71 = i - 3*t + 16. Calculate the greatest common factor of 16 and i.
8
Suppose -4*g + 460 = -0*g. Suppose 8*w - 526 + 158 = 0. Calculate the highest common divisor of g and w.
23
Let r be -4 + 1590/14 + (-6)/(-14). Suppose -7*i + 4*i - 27 = 0. Let w(u) = -3*u - 5. Let v be w(i). Calculate the highest common factor of r and v.
22
Suppose 2 = -5*b + 12. Suppose -11*t + 72 = -b*t. What is the highest common divisor of t and 128?
8
Let u(z) be the second derivative of z**4/6 - 4*z**2 - 8*z. Let r be u(-5). Let l = r - 25. What is the highest common factor of l and 17?
17
Let b = 14 - 8. Let f be (2 - -1) + 3 + -1. Suppose 0 = f*r - 196 - 74. What is the greatest common divisor of b and r?
6
Let d be 56/(-2)*(-1)/4. Let g(o) = o**3 - 6*o**2 + 7*o. Let x be g(6). Suppose 0*y + x = 2*y. Calculate the highest common factor of d and y.
7
Suppose 0 = -w - w + 12. Let k be (w/5)/((-6)/(-20)). Suppose -3*g = -s - 198, -2*s = -k*g - 5*s + 251. What is the highest common divisor of 13 and g?
13
Let t = 3 - 3. Let c be (4 - 3)/(t - 1). Let h be -1*(-2 + c + -27). Calculate the highest common divisor of h and 6.
6
Let r = -206 - -231. Calculate the highest common factor of 75 and r.
25
Let z = 7 + 5. Suppose -3*r + 662 = -151. Suppose 3*m + 19 = r. Calculate the highest common factor of m and z.
12
Suppose -53*u = -46*u - 56. Let r be 12/(-9)*(-3)/1. Calculate the greatest common factor of u and r.
4
Let o = 7 + -5. Suppose 25 = 3*b + o*b. Let d(k) = 14*k + 10. Let p be d(b). Calculate the highest common divisor of 20 and p.
20
Suppose -4*b + 2*b = -2. Let l be 3 - (29 - b)/(-1). Calculate the greatest common factor of l and 93.
31
Let j(i) = -167*i - 691. Let o be j(-5). What is the highest common factor of o and 306?
18
Suppose -2*d = -3*d + 20. Suppose -r = 5*x + 2*r - 4, -5*x + d = -5*r. Calculate the highest common divisor of x and 12.
2
Let b = -8 + 21. Suppose -2*v = -43 + b. Calculate the greatest common divisor of v and 165.
15
Suppose 2*m - 118 = s, -38 - 138 = -3*m + 2*s. Calculate the highest common divisor of m and 36.
12
Let w = 8 - 2. Let l(x) = -3*x + 30. Let p be l(8). What is the greatest common divisor of w and p?
6
Let m be (2 + 1)*(-4)/(-8)*6. Let i = 82 + -55. What is the greatest common divisor of i and m?
9
Let m = -745 + 770. Calculate the greatest common factor of m and 900.
25
Let i(l) = 12*l**2 - 86*l - 86. Let h be i(-1). What is the greatest common divisor of h and 64?
4
Suppose 0 = -15*i + 16*i + 3*g - 4, 70 = 5*i + 5*g. Calculate the greatest common factor of i and 1444.
19
Suppose -2*f = -3*i + 1336, f - 8 = -i + 444. What is the highest common factor of 28 and i?
28
Let y(l) = l**2 + 2*l + 274. Let w be y(0). Suppose -w = -5*h - 64. What is the greatest common factor of h and 28?
14
Let i = 171 + -102. Let s = 73 - i. What is the greatest common divisor of 76 and s?
4
Let a = 1 + 6. Let t(g) be the second derivative of g**4/3 + 5*g**3/6 - 5*g**2/2 - 2*g. Let i be t(-5). Calculate the greatest common divisor of i and a.
7
Let k be ((-2)/2)/((-4)/(-856)). Let b be k/(-14) + (-18)/63. What is the highest common factor of b and 3?
3
Let d = 79 + -134. Let i = d - -76. Calculate the greatest common factor of i and 63.
21
Let n(s) = s**2 - 7*s + 8. Let h be n(6). Let r be ((-10)/(-6) - h)/((-5)/390). What is the highest common divisor of 26 and r?
26
Let y = 0 + 25. Let t be (-3)/(-5)*y/(-5). Let m be 4 + t - 9*-1. What is the greatest common divisor of 80 and m?
10
Let q(a) = -23*a + 1173. Let t be q(46). What is the greatest common divisor of t and 276?
23
Let p be 9*2 + -7 + -2 + 11. What is the greatest common divisor of p and 10?
10
Suppose -3*j + 117 + 450 = 0. Let h(f) = -3*f**3 + 9*f + 12*f**2 + 2*f**3 + 2*f**3 - 1. Let y be h(-11). What is the greatest common factor of j and y?
21
Let h = 615 + -491. Calculate the greatest common divisor of h and 4.
4
Let v(l) = 2*l - 8. Let a be v(9). Let o be 26 - (a + -3 + -5). What is the highest common divisor of 216 and o?
24
Let i(k) = -52*k - 416. Let a be i(-10). Calculate the greatest common divisor of 442 and a.
26
Let c be (-538)/(-9) + (-10)/(-45). Suppose y = -y - 4*z + 40, 5*z - c = -3*y. What is the greatest common factor of y and 180?
20
Let o = -2145 + 2280. Calculate the highest common factor of 60 and o.
15
Suppose 5*o + 7*h - 280 = 2*h, -4*o - 3*h = -220. Calculate the greatest common factor of o and 611.
13
Suppose -110*z = -114*z + 624. Calculate the highest common divisor of z and 364.
52
Suppose -141 = -3*g + 5*q, -6*g = -2*g + 4*q - 156. Let w be 3 - (g/2)/(-3). Suppose 190 = 5*i - w. What is the greatest common factor of i and 10?
10
Suppose 2*a = 2 - 8. Let h be 4*(-1 + 4)/a. Let r(o) = -3*o + 9. Let t be r(h). Calculate the highest common factor of t and 14.
7
Suppose 0 = z - 462 - 1077. What is the greatest common divisor of z and 19?
19
Let b = -4 + 2. Let v(l) = -9*l - 1. Let k be v(b). What is the highest common divisor of 187 and k?
17
Let m(p) = -13*p + 1. Let x be m(-1). Let u = 1615 - 1580. What is the highest common factor of x and u?
7
Let f = 2518 - 2496. What is the greatest common factor of f and 1243?
11
Suppose 3*j = -l + 34, l = -2*l - 2*j + 67. Suppose l = q - 3. What is the highest common factor of q and 22?
22
Let u be 2 - (-196)/10 - (-4)/10. Suppose 0 = -s + u - 9. Calculate the highest common divisor of s and 221.
13
Let x be (3 + 25/(-10))/((-3)/18). Let u be 23*1 - (x + 2). What is the highest common divisor of 264 and u?
24
Let y be 0/(-1) - 234/(-9). Let f = 28 - y. Calculate the highest common divisor of f and 8.
2
Suppose -4*d = -48 - 24. Suppose -3*p + 108 - d = 0. What is the greatest common factor of p and 30?
30
Let c(j) = 7*j**3 - 2*j**2 + 1. Let l be c(1). Suppose -l = 3*v - 30. Let w = 32 - v. What is the greatest common factor of w and 6?
6
Suppose 0 = 2*n + 8 - 16. Let v be (n + -1)/((3 - 0)/39). Calculate the highest common divisor of 39 and v.
39
Let p be 3720/48*(-32)/(-20). Calculate the highest common divisor of p and 124.
124
Suppose x - 567 = -3*b, 5*x = 4*b + 2239 + 653. Calculate the highest common divisor of 64 and x.
64
Let h be 2 - 21/3 - (1 - 183). Suppose 284 = 4*d - 104. Let y = h - d. Calculate the greatest common factor of y and 16.
16
Let t(s) = s**3 + 8*s**2 - 6*s + 33. Let m be t(-9). Calculate the highest common divisor of 132 and m.
6
Let j = 652 + -366. Suppose -2*f + 8 = -44. What is the highest common factor of j and f?
26
Suppose 2*h = 3*g - 4*g + 77, 4*h = -4*g + 328. What is the highest common factor of 232 and g?
29
Let d(b) = 119*b**2 + b + 3. Let s be d(-1). Let t = 19 - 8. What is the highest common factor of s and t?
11
Suppose 4*m = 24 + 8. Suppose -r - r + 292 = 3*x, -m = -2*x. What is the highest common factor of r and 14?
14
Let l = 1891 + -1863. What is the greatest common factor of l and 644?
28
Let l = -27 - -32. What is the highest common factor of l and 4?
1
Let q(m) = -m**2 - 12*m + 3. Let c be q(-10). What is the greatest common factor of c and 69?
23
Suppose 9 = 3*h, 4*h = 2*i - 23 + 19. Calculate the greatest common divisor of 128 and i.
8
Let a = 392 + -168. Suppose 10*c + 18 + 52 = 0. Let f be -8*(0 + c/2). Calculate the highest common divisor of f and a.
28
Let o be 3*(-3 - (12 + -3)*-6). What is the greatest common divisor of o and 255?
51
Let d be 5678/334*(-1 + 2*1). Calculate the highest common divisor of d and 289.
17
Suppose 3*z - 2*z - 2 = 0. Suppose 3*p - 2*x + 1 = 3*x, -10 = -z*x. Calculate the highest common factor of 88 and p.
8
Let u = -237 - -541. Calculate the greatest common divisor of u and 19.
19
Let u(v) = -v**3 - 2*v**2 + v - 6. Let p be u(-5). Let t be (2 - 3 - 3) + p. What is the highest common divisor of 24 and t?
12
Suppose -4*z - 15 = -u + 56, -4*u - z = -250. Suppose 3*q - 8*q + 35 = 0. What is the greatest common divisor of u and q?
7
Suppose 0 = 4*z - 17 + 137. Let r = 37 + z. Calculate the highest common factor of 77 and r.
7
Suppose -1 = -4*a + 19. Suppose a*v - 57 - 13 = 0. What is the greatest common divisor of 14 and v?
14
Let t(x) = 42*x**3 - x**2 + 2*x - 1. Let i be t(1). What is the greatest common factor of 14 and i?
14
Let w(k) = -k**3 - 18*k**2 + 26*k - 28. Let b be w(-20). Suppose b = 5*r